{"id":1833,"date":"2020-04-23T10:51:51","date_gmt":"2020-04-23T10:51:51","guid":{"rendered":"https:\/\/orbe.mobi\/?page_id=1833"},"modified":"2021-04-29T13:18:32","modified_gmt":"2021-04-29T13:18:32","slug":"info-neighbors-project","status":"publish","type":"page","link":"https:\/\/orbe.mobi\/en\/info-neighbors-project\/","title":{"rendered":"Neighbors Project"},"content":{"rendered":"<p><a href=\"https:\/\/orbe.mobi\/wp-content\/uploads\/2020\/04\/Capture-d\u2019\u00e9cran-2020-04-23-\u00e0-12.48.27.png\"><img loading=\"lazy\" decoding=\"async\" class=\"alignnone wp-image-1834\" style=\"height: auto;\" src=\"https:\/\/orbe.mobi\/wp-content\/uploads\/2020\/04\/Capture-d\u2019\u00e9cran-2020-04-23-\u00e0-12.48.27.png\" alt=\"\" width=\"653\" height=\"243\" srcset=\"https:\/\/orbe.mobi\/wp-content\/uploads\/2020\/04\/Capture-d\u2019\u00e9cran-2020-04-23-\u00e0-12.48.27.png 1058w, https:\/\/orbe.mobi\/wp-content\/uploads\/2020\/04\/Capture-d\u2019\u00e9cran-2020-04-23-\u00e0-12.48.27-300x112.png 300w, https:\/\/orbe.mobi\/wp-content\/uploads\/2020\/04\/Capture-d\u2019\u00e9cran-2020-04-23-\u00e0-12.48.27-1024x381.png 1024w, https:\/\/orbe.mobi\/wp-content\/uploads\/2020\/04\/Capture-d\u2019\u00e9cran-2020-04-23-\u00e0-12.48.27-768x286.png 768w\" sizes=\"(max-width: 653px) 100vw, 653px\" \/><\/a><\/p>\n<p>Nous vous proposons de participer \u00e0 un projet photographique collectif de chez vous, au travers du prisme de vos fen\u00eatres, sur le mod\u00e8le du \u00ab\u00a0Neighbors Project\u00a0\u00bb de Yannick Ribeaut et d\u00e9velopp\u00e9 par Orbe. Cette s\u00e9rie porte notre r\u00e9flexion sur l&#8217;interd\u00e9pendance, l&#8217;interconnexion, l\u2019alt\u00e9rit\u00e9.<\/p>\n<p>En soit vous devez r\u00e9aliser une photo portrait pr\u00e8s d&#8217;un fen\u00eatre et une photo vue de celle-ci. Ensuite le portrait et la photo de l&#8217;ext\u00e9rieur (vue de la fen\u00eatre) seront mis en vis \u00e0 vis gr\u00e2ce \u00e0 la technique du diptyque.<\/p>\n<p>Cette exp\u00e9rience photographique est l&#8217;extension du \u00ab\u00a0Neighbors Project\u00a0\u00bb sous l&#8217;angle d&#8217;une d\u00e9marche\u00a0collective, participative. Cette initiative est propos\u00e9e par l&#8217;artiste photographe Yannick Ribeaut. Il est \u00e9vident que ce projet prend une r\u00e9sonance particuli\u00e8re dans ce contexte de crise sanitaire.<\/p>\n<p>&nbsp;<\/p>\n<p><a style=\"line-height: 60px; background: red; padding: 10px 20px; border-radius: 5px; color: white; text-decoration: none;\" href=\" https:\/\/dev2.nodal.mobi\/orbe\/neighbors\/app\">Participer<\/a><br \/>\n<a style=\"line-height: 60px; background: red; padding: 10px 20px; border-radius: 5px; color: white; text-decoration: none;\" href=\" https:\/\/dev2.nodal.mobi\/orbe\/neighbors\/site\">Voir les contributions<\/a><\/p>\n","protected":false},"excerpt":{"rendered":"<p>Nous vous proposons de participer \u00e0 un projet photographique collectif de chez vous, au travers du prisme de vos fen\u00eatres, sur le mod\u00e8le du \u00ab\u00a0Neighbors Project\u00a0\u00bb de Yannick Ribeaut et d\u00e9velopp\u00e9 par Orbe. Cette s\u00e9rie porte notre r\u00e9flexion sur l&#8217;interd\u00e9pendance, l&#8217;interconnexion, l\u2019alt\u00e9rit\u00e9. En soit vous devez r\u00e9aliser une photo portrait pr\u00e8s d&#8217;un fen\u00eatre et une [&hellip;]<\/p>\n","protected":false},"author":1,"featured_media":0,"parent":0,"menu_order":0,"comment_status":"closed","ping_status":"closed","template":"","meta":{"footnotes":""},"_links":{"self":[{"href":"https:\/\/orbe.mobi\/en\/wp-json\/wp\/v2\/pages\/1833"}],"collection":[{"href":"https:\/\/orbe.mobi\/en\/wp-json\/wp\/v2\/pages"}],"about":[{"href":"https:\/\/orbe.mobi\/en\/wp-json\/wp\/v2\/types\/page"}],"author":[{"embeddable":true,"href":"https:\/\/orbe.mobi\/en\/wp-json\/wp\/v2\/users\/1"}],"replies":[{"embeddable":true,"href":"https:\/\/orbe.mobi\/en\/wp-json\/wp\/v2\/comments?post=1833"}],"version-history":[{"count":13,"href":"https:\/\/orbe.mobi\/en\/wp-json\/wp\/v2\/pages\/1833\/revisions"}],"predecessor-version":[{"id":1870,"href":"https:\/\/orbe.mobi\/en\/wp-json\/wp\/v2\/pages\/1833\/revisions\/1870"}],"wp:attachment":[{"href":"https:\/\/orbe.mobi\/en\/wp-json\/wp\/v2\/media?parent=1833"}],"curies":[{"name":"wp","href":"https:\/\/api.w.org\/{rel}","templated":true}]}}

<p><a href="https://orbe.mobi/wp-content/uploads/2020/04/Capture-d’écran-2020-04-23-à-12.48.27.png"><img loading="lazy" decoding="async" class="alignnone wp-image-1834" style="height: auto;" src="https://orbe.mobi/wp-content/uploads/2020/04/Capture-d’écran-2020-04-23-à-12.48.27.png" alt="" width="653" height="243" srcset="https://orbe.mobi/wp-content/uploads/2020/04/Capture-d’écran-2020-04-23-à-12.48.27.png 1058w, https://orbe.mobi/wp-content/uploads/2020/04/Capture-d’écran-2020-04-23-à-12.48.27-300x112.png 300w, https://orbe.mobi/wp-content/uploads/2020/04/Capture-d’écran-2020-04-23-à-12.48.27-1024x381.png 1024w, https://orbe.mobi/wp-content/uploads/2020/04/Capture-d’écran-2020-04-23-à-12.48.27-768x286.png 768w" sizes="(max-width: 653px) 100vw, 653px" /></a></p>
<p>Nous vous proposons de participer à un projet photographique collectif de chez vous, au travers du prisme de vos fenêtres, sur le modèle du « Neighbors Project » de Yannick Ribeaut et développé par Orbe. Cette série porte notre réflexion sur l&#8217;interdépendance, l&#8217;interconnexion, l’altérité.</p>
<p>En soit vous devez réaliser une photo portrait près d&#8217;un fenêtre et une photo vue de celle-ci. Ensuite le portrait et la photo de l&#8217;extérieur (vue de la fenêtre) seront mis en vis à vis grâce à la technique du diptyque.</p>
<p>Cette expérience photographique est l&#8217;extension du « Neighbors Project » sous l&#8217;angle d&#8217;une démarche collective, participative. Cette initiative est proposée par l&#8217;artiste photographe Yannick Ribeaut. Il est évident que ce projet prend une résonance particulière dans ce contexte de crise sanitaire.</p>
<p>&nbsp;</p>
<p><a style="line-height: 60px; background: red; padding: 10px 20px; border-radius: 5px; color: white; text-decoration: none;" href=" https://dev2.nodal.mobi/orbe/neighbors/app">Participer</a><br />
<a style="line-height: 60px; background: red; padding: 10px 20px; border-radius: 5px; color: white; text-decoration: none;" href=" https://dev2.nodal.mobi/orbe/neighbors/site">Voir les contributions</a></p>

<p>Nous vous proposons de participer à un projet photographique collectif de chez vous, au travers du prisme de vos fenêtres, sur le modèle du « Neighbors Project » de Yannick Ribeaut et développé par Orbe. Cette série porte notre réflexion sur l&#8217;interdépendance, l&#8217;interconnexion, l’altérité. En soit vous devez réaliser une photo portrait près d&#8217;un fenêtre et une [&hellip;]</p>
